the greatest common factor of j and v?
4
Let c be 0 + (-1 - 0)*-76. Let y = 106 + -87. What is the highest common divisor of c and y?
19
Suppose 4*s - 196 = -0*s. Suppose -s = -j + 5*c, 5*j - 2*j + 2*c - 181 = 0. Let u = j + -24. Calculate the greatest common divisor of 5 and u.
5
Let f be (0/(1 + 1))/(-2). Suppose f = 4*c - 16, 2*u - 5*c - 6 = u. What is the highest common divisor of u and 182?
26
Let r(b) = 3*b**2 + 6*b - 3. Let f be r(-5). Suppose -f = -3*y + 9. Calculate the greatest common divisor of 34 and y.
17
Suppose -89 - 27 = -4*n. What is the highest common divisor of n and 58?
29
Let y(c) = 6*c**2 + 2*c - 4. Let b be y(-4). Let f be ((-2)/2)/((-2)/b). What is the highest common factor of f and 28?
14
Suppose 2*z = 2*f - z - 16, 18 = 5*f - 2*z. Let t(g) = 6*g - 1. Let r be t(f). Suppose 0 = 5*d - 0*d - 55. Calculate the greatest common divisor of r and d.
11
Let c(q) = -2 - 2 - 2 - 6*q - q**2. Let k be c(-4). Let u = 0 + k. Calculate the highest common divisor of u and 22.
2
Suppose -4*d + 26 = 3*b, 5*b + d - 28 = 2*d. Suppose 2*a + 2*t = 14, -4*t - 15 = 5. What is the greatest common divisor of b and a?
6
Let a = -463 + 255. Let c = -127 - a. Let t = c - 17. Calculate the highest common factor of 8 and t.
8
Let b be 180/27*(-48)/(-5). What is the greatest common divisor of b and 8?
8
Let o = 29 + 6. Suppose 6*u - u = o. What is the highest common divisor of 56 and u?
7
Let d(j) be the second derivative of -j**5/20 - j**4/3 - j**3/3 - 2*j**2 - j. Let w be d(-6). What is the highest common factor of 10 and w?
10
Let n be (-1340)/(-25) + (-2)/(-5). Suppose 2*r = n + 18. What is the highest common factor of 24 and r?
12
Suppose 0 = 12*z - 889 + 61. Calculate the greatest common factor of 46 and z.
23
Let z = 24 + -3. Let w(q) = 3*q**2 + 6*q - 3. Let l be w(-5). What is the highest common factor of z and l?
21
Suppose -6*v + 19 = -11. Calculate the highest common factor of v and 20.
5
Let p = 56 - 50. What is the highest common factor of p and 6?
6
Let v = 5 + 19. Let x(g) = -g**2 - 6*g + 3. Let u be x(-5). What is the greatest common factor of v and u?
8
Suppose 3*j - 18 = -3*o, -3*o - 7 = -5*j - 1. Suppose -i - o*i = -92. What is the greatest common factor of 23 and i?
23
Suppose 105 + 185 = 4*y + 2*p, 5*p + 139 = 2*y. What is the highest common factor of 24 and y?
24
Suppose 0 = v + 2*v - 15. Suppose 3*z + 0*z = -g + 121, -v*g - z + 549 = 0. Let o = -10 + g. What is the greatest common divisor of 9 and o?
9
Suppose -3*k = -75 - 0. What is the greatest common divisor of k and 125?
25
Suppose -3*y + 5*q = y - 173, 0 = 2*y + q - 83. Suppose -5*c = -f - y, -3*c + 36 = 4*f - f. Calculate the greatest common divisor of 3 and c.
3
Suppose 5 = -3*c + 8*c. Let q(v) = -2*v - 5. Let l be q(-5). Calculate the greatest common factor of c and l.
1
Let s be (-2)/3 - 1408/(-6). What is the greatest common divisor of s and 26?
26
Let i be (-22)/4 + (-2)/4. Let d(l) = -l**3 - 4*l**2 - 3*l + 4. Let z be d(-3). Let j be 3/i + 106/z. What is the highest common factor of 65 and j?
13
Let j be 17 + (12/(-8))/(1/2). Calculate the highest common factor of j and 8.
2
Suppose -j = -5*z + 52, 0 = 2*z + j - 2*j - 22. Calculate the greatest common factor of z and 20.
10
Let v = -3 - -5. Suppose -3*b = 4*w, v*w + b - 2*b = 0. Suppose j + 2 = w, -l - 4*j = -37 + 5. Calculate the greatest common factor of l and 16.
8
Let v(o) = 2*o**2 - 9*o - 13. Let d be v(9). Suppose 0 = -u + 2, 2*m + 2*u = -2*u + d. Suppose 3*b - 8*b = -m. Calculate the greatest common factor of b and 2.
2
Suppose 5*i - 1 = 14. Suppose i*l + 6*c - c = 25, 5*l = 4*c + 54. Suppose 4 = 2*x - 16. What is the greatest common factor of x and l?
10
Suppose 2 = 3*d - 7. Suppose 3*h + d*o = 53 + 1, 3*o + 114 = 5*h. Calculate the greatest common factor of h and 105.
21
Suppose -7*c - 155 = -8*c. What is the greatest common divisor of c and 62?
31
Suppose -212 + 927 = 11*t. Calculate the greatest common divisor of 13 and t.
13
Let l = -23 - -11. Let n = l - -29. Calculate the highest common factor of 85 and n.
17
Suppose -4*q - 34 = -118. Calculate the highest common factor of 14 and q.
7
Let r = -5 - -7. Let p = r - -3. Suppose 374 = p*x - 211. Calculate the greatest common divisor of x and 13.
13
Let k(l) = -l**3 - 9*l**2 + 13*l - 6. Let b be k(-11). Let s = b - 54. Calculate the highest common factor of 13 and s.
13
Suppose -55 = 5*w + j - 140, -67 = -4*w - j. What is the greatest common factor of w and 12?
6
Let q = 9 - -48. Calculate the highest common factor of q and 38.
19
Suppose 4*s - s = 0. Suppose -5*j + p = -s*j + 80, -32 = 2*j + p. Let v = -9 - j. Calculate the greatest common factor of v and 28.
7
Let o = -16 + 29. Suppose 2*r - 5*w = -r + 59, 2*r + 5*w = 6. Calculate the highest common factor of r and o.
13
Let y(f) = -9*f + 33. Let u(t) = t - 4. Let n(h) = 33*u(h) + 4*y(h). Let a be n(-7). What is the highest common divisor of a and 3?
3
Suppose 0*a + 2*a + 6 = 0. Let r(d) = -d**2 - 3*d + 1. Let y be r(a). Let n(i) = 14*i. Let z be n(y). What is the highest common divisor of z and 42?
14
Suppose 0 = -2*o - 8 + 22. Suppose 4*m + 2*i - 8 = 48, 5*i - 68 = -4*m. Let n be m/o*35/5. What is the highest common factor of 3 and n?
3
Let c = -31 - -74. Let j = c - 15. What is the greatest common divisor of j and 7?
7
Suppose 0 = 3*k - 49 + 19. What is the highest common divisor of k and 110?
10
Let b(a) = -a**2 + 2*a - 5. Let r be b(5). Let t = r + 40. Let y be (5 - 3)*(-10)/(-4). What is the greatest common divisor of y and t?
5
Let d(x) = -x + 5. Let s be d(4). Let r(p) = 7*p**3 - 2*p + 1. Let f be r(s). Calculate the greatest common factor of f and 48.
6
Let d be ((1 + 2)/(-3))/(1/(-60)). What is the highest common divisor of 24 and d?
12
Let p(j) = -5*j**2 + 28*j - 15. Let s(g) = -2*g**2 + 9*g - 5. Let n(x) = -3*p(x) + 8*s(x). Let a be n(-10). Calculate the greatest common divisor of 5 and a.
5
Let s(d) = -d**3 + 12*d**2 + 3*d + 4. Let o be s(9). Suppose -3*t - 8 = t, -4*t = -2*b + o. What is the highest common factor of 19 and b?
19
Suppose 0 = -5*c - 16 + 56. Suppose 3*l - 112 - c = 0. What is the highest common divisor of l and 10?
10
Suppose 4*f - 8 = 2*f. Suppose 4*p - 3*r = -62 - 82, 0 = -3*p + f*r - 108. Let x be (p/(-30))/((-6)/(-40)). What is the highest common divisor of x and 8?
8
Let u(a) = -11*a + 2. Suppose -3*p = -4*t - 14, -3*p + 10 = -t + p. Let b be u(t). What is the highest common factor of b and 6?
6
Let t be (-10)/(-3)*102/85. What is the greatest common divisor of t and 32?
4
Let v = -3 + 5. Let k(f) = -f**3 + f**2 + 3*f - 2. Let p be k(v). Let o be -5*(p + 99/(-15)). What is the highest common factor of o and 3?
3
Suppose -8 = -6*a + 4*a. What is the greatest common factor of a and 8?
4
Let s = 13 + -8. Let o = 6 - 2. Let i be 2/(o*(-4)/(-8)). Calculate the greatest common factor of i and s.
1
Suppose -3*u = -5 + 2. Let a = u - -2. Let v be (-2 - (-41 - 0)) + a. Calculate the greatest common factor of v and 28.
14
Let q(c) = 18*c**2 - c + 6. Let v be q(3). What is the greatest common factor of 15 and v?
15
Suppose -12*b + 3*b + 405 = 0. Calculate the greatest common divisor of b and 9.
9
Let j(g) = 25*g**2 - 3*g + 1. Let k be j(2). Calculate the highest common factor of 19 and k.
19
Let o(f) = -f**3 - 2*f**2 + 4*f - 5. Let x be o(-4). Let p = 180 - 59. What is the highest common divisor of p and x?
11
Let p = -8 + 6. Let x = p + 4. Suppose -x*r = -0*r - 54. Calculate the highest common factor of r and 9.
9
Suppose -j + 8 = a - 0*j, 0 = 5*a - 4*j - 22. What is the highest common factor of a and 78?
6
Let w be -3 - (-1 - 2) - -52. Let r be 6 + (-1 - (1 - 3)). Suppose -r*q = -3*q - w. What is the highest common factor of 143 and q?
13
Let n = 31 - -50. Calculate the greatest common divisor of n and 3.
3
Let z(m) = -m**3 - 3*m**2 + 3*m + 2. Let t be 65/(-20) - 6/8. Let p be z(t). Calculate the highest common divisor of 54 and p.
6
Suppose 17 - 25 = -r. What is the highest common factor of r and 32?
8
Suppose -o = 3, -2*f = -0*f - 5*o - 33. Let z be (-6)/(-5)*15/6. Calculate the highest common factor of f and z.
3
Suppose 300 = 4*x - 2*x. What is the highest common factor of x and 30?
30
Suppose -2*z - 80 = 2*z. Let i be -1 + 2 - 3 - z. Calculate the greatest common factor 